{"id":14,"date":"2021-09-25T14:45:04","date_gmt":"2021-09-25T14:45:04","guid":{"rendered":"https:\/\/frutigerdesign.ch\/?page_id=14"},"modified":"2025-10-30T19:25:51","modified_gmt":"2025-10-30T19:25:51","slug":"startseite","status":"publish","type":"page","link":"https:\/\/frutigerdesign.ch\/","title":{"rendered":"Startseite"},"content":{"rendered":"<div class=\"wpb-content-wrapper\"><p>[vc_row][vc_column][vc_custom_heading text=&#8220;Grafikdesignerin aus Leidenschaft&#8220; font_container=&#8220;tag:h1|font_size:40|text_align:left|color:%23f6364d&#8220; css=&#8220;&#8220; link=&#8220;url:https%3A%2F%2Ffrutigerdesign.ch%2Findex.php%2Fgalerie%2F|title:Galerie|target:_blank&#8220;][vc_single_image image=&#8220;329&#8243; img_size=&#8220;full&#8220;][vc_custom_heading text=&#8220;Ihr Projekterfolg mit meiner Unterst\u00fctzung&#8220; font_container=&#8220;tag:h2|font_size:30|text_align:left|color:%23f6364d&#8220; css=&#8220;&#8220;][vc_column_text css=&#8220;&#8220;]<span style=\"color: #000000;\">Eine schriftliche Werbung, Botschaft oder Information erreicht den Menschen nicht alleine durch Worte. Genauso wichtig ist die \u00dcbermittlung der Worte in ansprechenden Formen, Farben und Schriften. Wenn Sie f\u00fcr Ihr privates oder berufliches Projekt bereits eine inspirative Idee haben und nicht wissen, wie Sie sie umsetzen sollen, dann sind Sie bei mir richtig.<\/span>[\/vc_column_text][vc_single_image image=&#8220;446&#8243; img_size=&#8220;full&#8220;][vc_column_text css=&#8220;&#8220;]<span style=\"color: #000000;\">Vor 10 Jahren begann ich, mit den Adobe Programmen InDesign, Photoshop und Illustration zu arbeiten. Seither kreiere ich f\u00fcr Privatpersonen, Firmen und Vereine Werbematerialien in individueller Corporate Identity. Diese Produkte sind unter <a style=\"color: #000000;\" href=\"https:\/\/frutigerdesign.ch\/index.php\/galerie\/\">Galerie <\/a>einzusehen. Meine Begeisterung f\u00fcr diese T\u00e4tigkeit und mein grosser Erfolg inspirieren mich, auch Ihnen meine Kompetenzen zur Verf\u00fcgung zu stellen.<\/span>[\/vc_column_text][\/vc_column][\/vc_row][vc_row][vc_column][\/vc_column][\/vc_row]<\/p>\n<\/div>","protected":false},"excerpt":{"rendered":"<p>[vc_row][vc_column][vc_custom_heading text=&#8220;Grafikdesignerin aus Leidenschaft&#8220; font_container=&#8220;tag:h1|font_size:40|text_align:left|color:%23f6364d&#8220; css=&#8220;&#8220; link=&#8220;url:https%3A%2F%2Ffrutigerdesign.ch%2Findex.php%2Fgalerie%2F|title:Galerie|target:_blank&#8220;][vc_single_image image=&#8220;329&#8243; img_size=&#8220;full&#8220;][vc_custom_heading text=&#8220;Ihr Projekterfolg mit meiner Unterst\u00fctzung&#8220; font_container=&#8220;tag:h2|font_size:30|text_align:left|color:%23f6364d&#8220; css=&#8220;&#8220;][vc_column_text css=&#8220;&#8220;]Eine schriftliche Werbung, Botschaft oder Information erreicht den Menschen nicht alleine durch Worte. Genauso wichtig ist die \u00dcbermittlung der Worte in ansprechenden Formen, Farben und Schriften. Wenn Sie f\u00fcr Ihr privates oder berufliches Projekt bereits eine inspirative Idee haben&hellip;<\/p>\n","protected":false},"author":1,"featured_media":0,"parent":0,"menu_order":0,"comment_status":"closed","ping_status":"closed","template":"","meta":{"_acf_changed":false,"footnotes":""},"class_list":["post-14","page","type-page","status-publish","hentry"],"acf":[],"_links":{"self":[{"href":"https:\/\/frutigerdesign.ch\/index.php\/wp-json\/wp\/v2\/pages\/14","targetHints":{"allow":["GET"]}}],"collection":[{"href":"https:\/\/frutigerdesign.ch\/index.php\/wp-json\/wp\/v2\/pages"}],"about":[{"href":"https:\/\/frutigerdesign.ch\/index.php\/wp-json\/wp\/v2\/types\/page"}],"author":[{"embeddable":true,"href":"https:\/\/frutigerdesign.ch\/index.php\/wp-json\/wp\/v2\/users\/1"}],"replies":[{"embeddable":true,"href":"https:\/\/frutigerdesign.ch\/index.php\/wp-json\/wp\/v2\/comments?post=14"}],"version-history":[{"count":62,"href":"https:\/\/frutigerdesign.ch\/index.php\/wp-json\/wp\/v2\/pages\/14\/revisions"}],"predecessor-version":[{"id":724,"href":"https:\/\/frutigerdesign.ch\/index.php\/wp-json\/wp\/v2\/pages\/14\/revisions\/724"}],"wp:attachment":[{"href":"https:\/\/frutigerdesign.ch\/index.php\/wp-json\/wp\/v2\/media?parent=14"}],"curies":[{"name":"wp","href":"https:\/\/api.w.org\/{rel}","templated":true}]}}